True
Is 356673 a composite number?
True
Is 9743 composite?
False
Is 307471 composite?
False
Is 21331 prime?
False
Is 12779 prime?
False
Is 9055 prime?
False
Is 5147 prime?
True
Is 15259 a prime number?
True
Is 448519 composite?
False
Is 1003 a composite number?
True
Is 976403 composite?
False
Is 5401 a composite number?
True
Is 53267 prime?
True
Is 12827 composite?
True
Is 6385 composite?
True
Is 234511 a prime number?
True
Is 112367 a prime number?
False
Is 2839 a composite number?
True
Is 40301 composite?
True
Is 52613 a prime number?
False
Is 2321 a prime number?
False
Is 25013 prime?
True
Is 117314 a composite number?
True
Is 1871387 a prime number?
False
Is 4847 composite?
True
Is 15163 composite?
True
Is 35201 prime?
True
Is 916999 prime?
True
Is 14995 a composite number?
True
Is 3989 composite?
False
Is 208009 a prime number?
True
Is 8419 prime?
True
Is 985685 composite?
True
Is 790329 composite?
True
Is 3497 composite?
True
Is 2371 prime?
True
Is 195989 a composite number?
True
Is 836065 composite?
True
Is 16547 prime?
True
Is 33457 composite?
False
Is 440767 composite?
True
Is 8923 a prime number?
True
Is 89041 a prime number?
True
Is 154821 a composite number?
True
Is 733 a composite number?
False
Is 1205053 a prime number?
False
Is 6071 composite?
True
Is 2881 prime?
False
Is 277031 composite?
True
Is 528469 a composite number?
False
Is 102433 prime?
True
Is 28399 a composite number?
True
Is 133559 composite?
False
Is 74411 a composite number?
False
Is 1498733 a prime number?
False
Is 53749 a prime number?
False
Is 1253683 a prime number?
True
Is 1054983 composite?
True
Is 17399 a prime number?
False
Is 7789 a composite number?
False
Is 8563 a composite number?
False
Is 1679887 a prime number?
False
Is 177721 composite?
True
Is 206623 a prime number?
True
Is 341049 composite?
True
Is 8513 prime?
True
Is 15391 composite?
False
Is 36151 composite?
False
Is 325073 composite?
True
Is 6339 a prime number?
False
Is 346763 a composite number?
False
Is 1319 a prime number?
True
Is 207013 a prime number?
True
Is 91983 prime?
False
Is 88547 a prime number?
True
Is 6679 composite?
False
Is 106219 a composite number?
False
Is 1607131 composite?
False
Is 1961 composite?
True
Is 4479665 a composite number?
True
Is 368579 a composite number?
False
Is 10079 a prime number?
True
Is 48423 prime?
False
Is 6772451 prime?
False
Is 481297 composite?
False
Is 66217 composite?
True
Is 66301 a prime number?
True
Is 96803 prime?
False
Is 1627849 a prime number?
True
Is 22663 composite?
True
Is 33379 a prime number?
False
Is 307535 a prime number?
False
Is 46533 composite?
True
Is 17399 prime?
False
Is 5739389 prime?
True
Is 13861 a composite number?
True
Is 291779 prime?
True
Is 116789 a composite number?
False
Is 159491 prime?
True
Is 27533 a prime number?
False
Is 22469 a composite number?
False
Is 858673 prime?
True
Is 2567701 composite?
False
Is 40943 composite?
True
Is 184051 a composite number?
True
Is 128697 a prime number?
False
Is 866689 a composite number?
False
Is 86261 composite?
True
Is 11558 prime?
False
Is 110521 prime?
False
Is 69 prime?
False
Is 33367 a prime number?
False
Is 597169 composite?
False
Is 9619 a prime number?
True
Is 225371 composite?
False
Is 100733 a composite number?
False
Is 29581 composite?
False
Is 4127 composite?
False
Is 5855 a prime number?
False
Is 237737 a composite number?
False
Is 79309 a prime number?
True
Is 497435 a composite number?
True
Is 121843 a composite number?
False
Is 1741 a composite number?
False
Is 1671 a composite number?
True
Is 779486 composite?
True
Is 31567 composite?
False
Is 1045081 composite?
False
Is 5899 a prime number?
False
Is 158071 a prime number?
True
Is 450161 a composite number?
False
Is 14401 a composite number?
False
Is 3404801 prime?
True
Is 6865 a composite number?
True
Is 475889 prime?
True
Is 190429 composite?
True
Is 86813 prime?
True
Is 305191 a composite number?
True
Is 1249999 a prime number?
True
Is 85889 composite?
False
Is 192194 a composite number?
True
Is 192109 a composite number?
True
Is 216967 a composite number?
False
Is 10133 prime?
True
Is 3613 composite?
False
Is 662827 composite?
True
Is 6191 a prime number?
False
Is 112191 composite?
True
Is 193399 prime?
False
Is 4327 composite?
False
Is 285487 prime?
False
Is 138751 a prime number?
False
Is 77137 prime?
True
Is 7411 a composite number?
False
Is 43437 a prime number?
False
Is 74026 composite?
True
Is 40559 prime?
True
Is 39367 a prime number?
True
Is 134905 prime?
False
Is 1435363 prime?
True
Is 124699 a prime number?
True
Is 153929 a prime number?
True
Is 8069 a prime number?
True
Is 5381 prime?
True
Is 52795 prime?
False
Is 252137 a composite number?
True
Is 14587 a prime number?
False
Is 2831 composite?
True
Is 2204693 a prime number?
False
Is 22739 a composite number?
False
Is 9767 prime?
True
Is 104117 a composite number?
True
Is 16547 a composite number?
False
Is 39019 prime?
True
Is 257 a composite number?
False
Is 5839 prime?
True
Is 46439 a composite number?
False
Is 2161 a composite number?
False
Is 448561 prime?
True
Is 32173 a composite number?
False
Is 819229 a composite number?
False
Is 57517 a prime number?
False
Is 9229 prime?
False
Is 8189 a prime number?
False
Is 16279 composite?
True
Is 421247 a prime number?
False
Is 4051 a composite number?
False
Is 3287291 composite?
True
Is 114679 a prime number?
True
Is 100447 a composite number?
False
Is 246469 prime?
True
Is 5923 composite?
False
Is 19489 a composite number?
False
Is 12827 prime?
False
Is 313613 a composite number?
False
Is 278927 composite?
True
Is 4241 prime?
True
Is 3247 a composite number?
True
Is 2917 composite?
False
Is 381581 composite?
True
Is 5519 a composite number?
False
Is 609671 prime?
False
Is 1879 composite?
False
Is 104863 a composite number?
True
Is 63029 a prime number?
True
Is 374399 a composite number?
False
Is 78361 a composite number?
True
Is 5801 composite?
False
Is 857326 a prime number?
False
Is 25439 prime?
True
Is 2957 a composite number?
False
Is 131413 a composite number?
False
Is 31219 a composite number?
False
Is 35981 a composite number?
True
Is 390809 prime?
True
Is 1065763 a composite number?
False
Is 74371 a prime number?
False
Is 86789 prime?
False
Is 593933 a prime number?
True
Is 421495 a prime number?
False
Is 116789 prime?
True
Is 45389 a composite number?
False
Is 13963 a prime number?
True
Is 235721 composite?
True
Is 3409 a prime number?
False
Is 172001 a prime number?
True
Is 809339 composite?
False
Is 43997 composite?
False
Is 77257 prime?
False
Is 4327 a prime number?
True
Is 15511 prime?
True
Is 339391 composite?
True
Is 7993 a composite number?
False
Is 112543 composite?
False
Is 102397 prime?
True
Is 14699 composite?
False
Is 5557 a composite number?
False
Is 72797 composite?
False
Is 2204431 a prime number?
True
Is 16787 a prime number?
True
Is 112451 a prime number?
False
Is 39293 prime?
True
Is 221797 a composite number?
False
Is 164843 a prime number?
False
Is 94193 a prime number?
False
Is 5615 prime?
False
Is 3181 composite?
False
Is 7217 prime?
False
Is 615389 a prime number?
True
Is 625051 a composite number?
True
Is 6739 a composite number?
True
Is 493 a prime number?
False
Is 1949 prime?
True
Is 45143 composite?
True
Is 812009 prime?
False
Is 3505 prime?
False
Is 1358779 a composite number?
False
Is 23039 a composite number?
False
Is 2333 composite?
False
Is 183601 a composite number?
True
Is 54917 a composite number?
False
Is 3890343 a prime number?
False
Is 139187 a prime number?
True
Is 100007 composite?
True
Is 12889 a composite number?
False
Is 67323 composite?
True
Is 7737 composite?
True
Is 61023 a composite number?
True
Is 56569 a prime number?
True
Is 1269227 a composite number?
True
Is 7103 prime?
True
Is 3037 a prime number?
True
Is 43799 a composite number?
True
Is 554377 a prime number?
True
Is 449399 composite?
False
Is 17519 prime?
True
Is 59677 prime?
False
Is 19553 a prime number?
True
Is 371 composite?
True
Is 421607 prime?
True
Is 4874 prime?
False
Is 15421 composite?
True
Is 56299 prime?
True
Is 50387 prime?
True
Is 63137 prime?
False
Is 1344415 prime?
False
Is 593917 a composite number?
True
Is 25297 a prime number?
False
Is 66749 a composite number?